(-4). Suppose -5*t + 40 = 2*l, -a = 3*l + 13. Calculate the highest common divisor of t and i.
10
Suppose 101*o - 21 = 98*o. Calculate the greatest common divisor of o and 35.
7
Suppose -4*z = 3*w - 92, 4*z - w - 4*w - 60 = 0. What is the greatest common factor of z and 30?
10
Let s be 14*(15/6 - 0). Suppose 0 = -3*g + 9 - 0, 4*y - s = -5*g. Suppose 2*m = 4*m + 6, 29 = i - y*m. What is the highest common factor of i and 7?
7
Let h = -4 + 7. Suppose -h*s + 32 = -s. Let c(i) = 16*i**2. Let x be c(-1). What is the highest common divisor of s and x?
16
Let g(s) = 16*s - 5. Let q be g(4). Let t = q - 24. Calculate the highest common factor of 5 and t.
5
Suppose -130 - 10 = -4*j. What is the greatest common divisor of j and 21?
7
Let x = 5 + -2. Let u be (-6 + -1 + x)/(-2). What is the highest common factor of 3 and u?
1
Suppose t + 3*s - 147 = -t, -303 = -4*t + 3*s. Let h = -12 - -27. Calculate the greatest common factor of t and h.
15
Suppose 5*b + t + 2*t = 0, -t = -b + 8. Calculate the greatest common divisor of 24 and b.
3
Suppose 6 = 3*f - 21. Let i = -119 - -146. Calculate the highest common divisor of i and f.
9
Let y = 103 - 91. Let t be ((-27)/(-4))/((-6)/(-16)). Calculate the greatest common divisor of t and y.
6
Let s be 4*((-1)/(-2) - 0). Let p be 51/s - (-2)/(-4). What is the highest common factor of 5 and p?
5
Suppose -6*i + 11*i = -2*o + 149, i - 2*o - 25 = 0. Calculate the greatest common factor of i and 29.
29
Let h = -1 + 3. Suppose 0 = -g + h*g - 3. Let l be 2 + -1*3/g. What is the greatest common factor of l and 8?
1
Let u = -74 - -299. Suppose -f + u = 5*k, -k + 39 = f - 2*f. Let j = 29 + -18. Calculate the highest common divisor of k and j.
11
Let x(w) = -w**3 - 5*w**2 - 4*w + 7. Let g be x(-4). What is the greatest common factor of g and 49?
7
Let n = 3 + -2. Suppose g = -4*l + 45, -2*l = 2*l - 5*g - 39. Let o = 22 - l. What is the greatest common factor of o and n?
1
Suppose 2*b = -b + 3*c + 27, -3*b - 13 = 5*c. Let w be -2 + b + -1 + 3. What is the highest common divisor of w and 32?
4
Let w(a) = -6*a**2 - a - 1 + 9*a**2 + 8*a**2. Let x be w(-2). Let v be (-9)/(x/24 - 2). Calculate the greatest common divisor of v and 18.
18
Let c be (-4)/14 - 624/(-28). Suppose -4*a + 0*a + 2*h = -52, 4*a + 2*h - 36 = 0. What is the greatest common divisor of c and a?
11
Let b be 78/(((-18)/(-4))/3). Calculate the greatest common divisor of b and 130.
26
Let y = 165 - 67. What is the highest common factor of y and 14?
14
Let r(c) be the first derivative of 3*c**2 - 3*c + 5. Let t be r(6). Calculate the highest common divisor of 22 and t.
11
Let c = 44 + -14. Calculate the highest common factor of 10 and c.
10
Suppose 0 = 2*t + 3*t + v - 102, 90 = 5*t + 5*v. Suppose 0 = 36*r - 29*r - 1617. Calculate the greatest common divisor of t and r.
21
Let v be (1 + 9)*(0 - -1). Suppose -4*n + 340 = j + 3*j, -2*n - j + 175 = 0. Calculate the highest common factor of v and n.
10
Let n(b) = 2*b**2 - 2*b - 3. Let h be n(4). What is the greatest common factor of 105 and h?
21
Suppose -4*c = 2*s - 74, 61 + 22 = 3*c - 4*s. Let o = 23 + c. Calculate the highest common divisor of o and 66.
22
Let o be (-1)/2 + (-36)/(-8). Suppose c - o*c = -6. Calculate the greatest common factor of c and 22.
2
Suppose -3*p + 7*p - 124 = -3*m, -4*m + 184 = -4*p. What is the highest common divisor of m and 352?
44
Let v be 168*(-5)/2*4/(-10). Let i be 32/5 - 4/10. Let q = i + 15. Calculate the highest common factor of q and v.
21
Let x = 1 - -4. Let n = -21 - -24. Let m = x - n. What is the highest common divisor of 14 and m?
2
Suppose -5*u - 206 = -1056. Let k = -452 + 469. Calculate the greatest common factor of k and u.
17
Suppose 5*r = 5*k, -6 = 3*r - 2*r - 3*k. Suppose -c + 192 = r*c. Calculate the greatest common factor of 32 and c.
16
Let y = 73 - 63. Let r = -32 - -52. Calculate the greatest common divisor of y and r.
10
Let l be (-2 - -2)/((-2)/(-1)). Let c = -5 + 7. Suppose l*p = -c*p + 4. What is the greatest common divisor of 2 and p?
2
Let x(g) be the third derivative of -g**4/24 + 5*g**3/3 + 3*g**2. Let f be x(5). Suppose -f = v - 6*v. What is the highest common divisor of v and 11?
1
Suppose -3*r = 2*d - 7*d + 100, 3*r = -d + 20. Let b(q) = 6*q + 112. Let f be b(18). Calculate the greatest common factor of f and d.
20
Let p be (2/(-2))/((-3)/48). Let r be (p*1)/((-11)/(-132)). Calculate the highest common factor of r and 24.
24
Let o = -64 + 320. What is the highest common factor of o and 32?
32
Suppose g + 12 = 5*g. Suppose -u = -g*n - 0*n + 57, -u = -n + 17. Suppose -246 = -4*q - 46. Calculate the highest common divisor of q and n.
10
Let m(s) = -s**3 + s**2 + s + 1. Let x(l) = -7*l**3 - l**2 - l + 2. Let k(j) = -4*m(j) + x(j). Let z be k(-4). What is the highest common factor of z and 13?
13
Suppose -h + 5*l = 22, -4*h + 31 = -2*h + 5*l. Suppose 0 = -8*p + h*p + 110. What is the highest common divisor of 242 and p?
22
Suppose -4 = -3*f + 5. Suppose -342 = -5*w - 3*d, -w = -5*d + f*d - 71. Suppose -5*l - h + 267 = w, h + 2 = 0. Calculate the highest common divisor of l and 5.
5
Let b be (-174)/(-3) + (-1 - -2). Let t = 224 - b. Calculate the highest common factor of t and 15.
15
Let r(q) = -q**3 - 8*q**2 - 2*q + 3. Let j be r(-8). Suppose -5*z - 3*f = -380, 3*z + z + 5*f - 304 = 0. What is the greatest common factor of j and z?
19
Suppose -4*l + 60 = -0*l. Let a be (-48)/18*l/(-2). What is the greatest common divisor of 80 and a?
20
Let b = 9 + 5. Calculate the highest common divisor of 42 and b.
14
Let t(u) = -u**3 + 15*u**2 + 22*u + 12. Let n be t(16). What is the greatest common divisor of 27 and n?
27
Let o be 0 + -1 + 6*13. Suppose -11 + o = 3*u. Calculate the greatest common factor of 33 and u.
11
Suppose 22 = 5*x + 3*k, -x + 0*k - 10 = -3*k. Suppose 3*c = -x*c - 95. Let p = c + 54. Calculate the highest common factor of p and 7.
7
Suppose 5*p - 29 = -19. What is the greatest common divisor of 1 and p?
1
Let a(m) = m**2 + 17*m + 24. Let o be 2/6*-3*17. Let v be a(o). What is the greatest common divisor of 8 and v?
8
Let g(b) be the second derivative of -5*b**5/4 + b**4/12 - b**2/2 - 4*b. Let d be g(-1). Calculate the highest common factor of 5 and d.
5
Let q(f) = 6*f - 3. Let v(a) = a. Let u(p) = q(p) + 5*v(p). Let i be u(5). Let b(m) = 12*m + 1. Let s be b(1). What is the greatest common factor of s and i?
13
Let j be 2/1 + 2 + 1. Suppose j*o + 5 = 0, -3*v + 3*o + 94 = -o. Calculate the greatest common divisor of v and 20.
10
Suppose -s - 4 + 30 = 0. What is the greatest common factor of 39 and s?
13
Suppose f - 126 = -f - 5*w, -2*f + w = -126. Calculate the greatest common divisor of 21 and f.
21
Suppose 0 = -m - m + 266. Let f = 61 + -42. What is the greatest common divisor of f and m?
19
Suppose -2*u = -a - 53, -5*u - 3*a + 184 = 35. Suppose 2 = 3*i - u. What is the greatest common divisor of i and 100?
10
Let b = 38 + -22. What is the highest common factor of b and 32?
16
Suppose 0 = f + f - 6. Let m be 25 - ((-6)/1 + 4). What is the greatest common factor of m and f?
3
Let y = -32 - -47. Let c be 159/y - 4/(-10). Calculate the greatest common divisor of c and 99.
11
Suppose -5*s = d - 1053, 0 = s - 3*s + d + 417. Calculate the greatest common factor of s and 30.
30
Suppose 4*j = -4*a - a + 24, 5 = 2*a - 3*j. Let w be 1*24 + 0 + 1. Let b = 53 - w. What is the greatest common factor of b and a?
4
Let k(p) = 4*p**2 + 2*p + 1. Let j be k(-2). Let m = j + -4. Calculate the greatest common factor of m and 9.
9
Let a(g) = 2*g**2 + 3*g + 6. Let y be a(-8). Let s = y - 74. Let q be 5/4*(s - 0). What is the greatest common divisor of 30 and q?
15
Let p = -3 + 4. Suppose -3*i + 4 = 1. Calculate the highest common divisor of i and p.
1
Suppose 86 = 5*g - 6*d + 8*d, -4*d = -3*g + 36. Let z = -3 + g. Calculate the highest common divisor of z and 143.
13
Let s(w) be the first derivative of -w**3/3 - 9*w**2/2 + 11*w + 2. Let c be s(-9). Calculate the highest common factor of c and 1.
1
Let u = 25 + -24. Calculate the highest common factor of 11 and u.
1
Let a(y) = 2*y + 1. Let u be a(3). Suppose 5*v = u*v - 24. What is the highest common divisor of 36 and v?
12
Let c be (-4)/18 - (-775)/45. Suppose -2*j + 189 = 3*t + 3*j, -59 = -t - 3*j. Calculate the highest